 factors of b.
5
Let x(m) = -4*m + 8. Suppose -3*l - 13 = -1. Let z(i) = -4*i + 7. Let h(c) = l*z(c) + 3*x(c). List the prime factors of h(5).
2
Let c(l) = l + 18. What are the prime factors of c(8)?
2, 13
Let n be (2 - (-3 - -5))*-1. Suppose 7 = 4*k + m, 4*m + n + 4 = 0. What are the prime factors of k?
2
Suppose 5*p + m = 620, -4*p - 77 = -5*m - 573. Suppose -16 = -4*r + p. What are the prime factors of r?
5, 7
Let j(f) = -6*f - 4. Let b(v) = -30*v - 20. Let i be (-1 + 3)/((-2)/(-16)). Let h(n) = i*j(n) - 3*b(n). List the prime factors of h(-3).
2, 7
Let c be (-2)/((-1 - 0) + 3). What are the prime factors of 5/2*(c + 3)?
5
List the prime factors of (18/(-7))/3*-42.
2, 3
Suppose 0 = -4*s + d - 53, -5*s - 4*d - 62 = -d. Let m(v) = v**3 - 3*v**2 - 5*v + 5. Let o be m(4). Let q = o - s. List the prime factors of q.
2, 7
Suppose 2*b + 3*s = -0*b + 1, 0 = s + 1. What are the prime factors of b?
2
Let j(i) be the third derivative of i**4/8 - i**3/6 - 5*i**2. Let r(m) = m**3 + 3*m**2 - m + 2. Let x be r(-3). What are the prime factors of j(x)?
2, 7
Suppose -2*t = 41 - 263. Suppose f + 2*f = -2*m + 66, 3*m = -5*f + t. What are the prime factors of f?
2, 3
List the prime factors of 62*-4*1/(-8).
31
Suppose -4*i + 0 = -12. Suppose -4*z = -3*v - 2*z + 17, 0 = -4*v + i*z + 23. Suppose 0*c + c + v*r - 29 = 0, 4*c = -2*r + 44. What are the prime factors of c?
3
Suppose -9*h + 14*h - 80 = 0. Let i = h + 4. What are the prime factors of i?
2, 5
Let z(q) = q**3 - 2*q**2 - 7*q + 4. Let b be z(6). Suppose 3*w = b - 34. Suppose -t = -4*t + w. What are the prime factors of t?
2
Let p = 107 - 101. List the prime factors of p.
2, 3
Let j be (-6)/4 + 34/4. Suppose -j*v = -2*v - 20. What are the prime factors of v?
2
List the prime factors of 1034/6 + 24/36.
173
Let i be -1*5*(-5)/1. Let o(m) = -3*m**3 + m**2 + 2*m + 1. Let l be o(-1). Suppose -z - 1 = b - 10, -5*z = l*b - i. List the prime factors of b.
2, 5
Suppose -4 = 2*q - 12. List the prime factors of q/(-14) - (-132)/21.
2, 3
List the prime factors of (-2)/(-7) - (-18627)/147.
127
Let s(t) = t**2 + 5*t + 1. List the prime factors of s(8).
3, 5, 7
Let r = 217 - 101. Let f be 2/4 - r/(-8). Let y = f + -1. List the prime factors of y.
2, 7
Suppose 0*x + 24 = 3*z + 5*x, 24 = 3*z + 3*x. Let m = 15 - z. What are the prime factors of m?
7
Let x(z) = -5*z - 9. List the prime factors of x(-15).
2, 3, 11
Suppose j + 1 = 0, 0*j - j = -5*m - 24. Let t = m + 9. List the prime factors of 42/t - (-2)/(-4).
2, 5
Let m(f) = -f**2 + 11*f + 5. Let d be m(11). Suppose d*t = -4*v + 50, -t + 5*v = -33 - 6. What are the prime factors of t?
2, 7
Suppose 5*w + 117 - 567 = 0. Suppose 3*v - 8*v + w = m, -5*v = 3*m - 100. What are the prime factors of v?
17
Suppose 3 + 9 = 3*q. Suppose q*c = -a + 100, 2*c - 5*a = 4 + 24. Suppose n + n = c. List the prime factors of n.
2, 3
Suppose 2*r + r = 3*f - 114, -4*r + 23 = f. List the prime factors of f.
5, 7
Let a = 22 - -30. What are the prime factors of a?
2, 13
What are the prime factors of ((-26)/13)/(1/(-148))?
2, 37
Let g = -321 - -607. List the prime factors of g.
2, 11, 13
List the prime factors of 104/6 + 1/(-3).
17
Let l(d) = 70*d**2 - d - 1. Let u be l(-1). List the prime factors of u/6 + 2/6.
2, 3
Suppose 11*j - 109 - 507 = 0. What are the prime factors of j?
2, 7
Let t(v) = -v**2 - 16*v. What are the prime factors of t(-7)?
3, 7
Let c(k) = 4*k + 1 + 0 - 37*k. Let b be c(1). Let u = 46 + b. List the prime factors of u.
2, 7
Suppose 5*k - 4*l - 95 = l, -2*l + 64 = 4*k. What are the prime factors of k?
17
Suppose 0 = -g - 3*g + 28. Let r(z) = 9*z - z**2 - 9 + z - z. List the prime factors of r(g).
5
List the prime factors of (0 + -1)/((-1)/79).
79
Let m(o) = -o + 2. Let s be m(1). Suppose 0 = -q + 3*w - s, -q + 4*q + 4*w - 49 = 0. List the prime factors of q.
11
Suppose 0*d - 2*o - 10 = -2*d, 0 = -5*d + 2*o + 40. What are the prime factors of 1*(d + (4 - 2))?
2, 3
Let k be (-9)/(-27) - 573/(-9). Let d(o) = 6*o - 1. Let j be d(1). Suppose j*w = -14 + k. What are the prime factors of w?
2, 5
What are the prime factors of ((-366)/(-9))/((-2)/(-3))?
61
Suppose 0 = -j + 10 + 2. List the prime factors of 40/j*(-48)/(-10).
2
Suppose -5*x = -12*x + 1897. What are the prime factors of x?
271
Suppose -3*u = 3*i - 9, 1 - 9 = 4*i. List the prime factors of (u/(-10))/(1/(-54)).
3
Suppose -2*u = -4*j + 16, 2*j + 5*u + 24 = 4*j. Suppose -28 = -j*t + 14. List the prime factors of t.
3, 7
Suppose -3*t + 82 = 2*h, 0 = 3*h - 0*h + t - 116. What are the prime factors of h?
2, 19
Suppose 5*n + 5*l - 140 = 0, 8*n + l = 4*n + 97. Let z = n + -14. Let s = z + 1. What are the prime factors of s?
2, 5
Let x(k) = -k**2 - 7*k + 10. Let q be 1/((-45)/21 - -2). List the prime factors of x(q).
2, 5
Let t(b) be the second derivative of 3*b**5/10 - b**4/6 + b**2/2 + 3*b. List the prime factors of t(1).
5
Suppose 0*n = -3*n. Let j(i) = i**3 + i. Let b be j(n). List the prime factors of -2 + -2 + b + 11.
7
Let b = 14 + -30. Let w = b + 58. What are the prime factors of w/3 + (-2)/(-2)?
3, 5
Let p = -10 + 16. Let a = 4 + p. What are the prime factors of a?
2, 5
Let u(o) be the second derivative of -1/12*o**4 - 3/2*o**2 + 0 - 4/3*o**3 + o. What are the prime factors of u(-6)?
3
List the prime factors of 42 + 4 + (-12)/3.
2, 3, 7
What are the prime factors of (4/(-6))/((-20)/3870)?
3, 43
Let x = -59 + 30. List the prime factors of 50/(-40)*(x - -1).
5, 7
Let m = -3 + 9. Let a = -15 + m. Let f = a - -17. List the prime factors of f.
2
Suppose 0 = -5*i + r + 73, 0 = 2*i - 2*r - 13 - 13. What are the prime factors of i?
3, 5
Let n(h) be the third derivative of h**5/60 + 7*h**4/24 - h**3/3 - 2*h**2. Let s be n(-7). Let o = 6 + s. List the prime factors of o.
2
Suppose 2*y - 447 = -y - 5*v, v = 0. Let p = y - 97. List the prime factors of p.
2, 13
Let z = 45 + -27. Suppose i + 7 = z. List the prime factors of i.
11
What are the prime factors of 2 - (1 - 2)*5?
7
Let u(r) = -177*r - 2. List the prime factors of u(-1).
5, 7
Let c(n) = 2*n**2 + 20*n - 7. List the prime factors of c(-13).
71
Let r(p) = 2*p**2 + 12*p + 4. What are the prime factors of r(-8)?
2, 3
Suppose -2*l = -0*l + 6. Suppose -v = -6*v - 50. List the prime factors of (v/l)/((-6)/(-18)).
2, 5
Suppose -m + 6*m = 10. Suppose -m*y = 5*f - 64, -4*y + f + 52 = -2*y. What are the prime factors of y?
3
Suppose -5*m - 15 = -0*l + 5*l, 4*l = 4*m - 12. Let s = 2 + -1. Suppose 2*a = -4*h + 42, a + 6 - s = m. List the prime factors of h.
13
Suppose 7*j + 735 = 14*j. What are the prime factors of j?
3, 5, 7
Suppose 4*x - 9 - 239 = 0. What are the prime factors of x?
2, 31
Suppose o + o - 40 = 0. Suppose o = 4*z - 0*z. List the prime factors of z.
5
Let a(x) = x**2 + 5*x + 14. List the prime factors of a(-6).
2, 5
Suppose -1980 = -13*n + 3*n. What are the prime factors of n?
2, 3, 11
Suppose 0 = -4*d - 2*y + 14, -3*d + 3 = -0*d + 3*y. Let v = d + -3. Suppose -v*x + 6*x - 12 = 0. List the prime factors of x.
2
Let b(i) = -31*i + 2. List the prime factors of b(-1).
3, 11
Let d(z) = z**3 - 10*z**2 - 12*z + 16. Let t be d(11). Suppose -5*b = t*r - 240, 0 = 3*b - 3*r - r - 123. List the prime factors of b.
3, 5
Suppose 5*x + 20 = 0, -n - x = 3*n - 104. Let u = -3 + 7. Suppose u*f - 3*q = n, -4*f + 10 = 3*q - 35. What are the prime factors of f?
3
Let j = 7 - 8. Let k(z) = -22*z**3 + z**2 - z - 1. List the prime factors of k(j).
23
Let o be -5 - -2 - (-16)/(-2). Let t = o + 16. What are the prime factors of t?
5
Suppose 2*c + 6 = 4*p, 5*c = p + 4*c - 1. Suppose 0 = p*i - 10. Suppose 4*f + a = 84, 2*f - i*a = -0*a + 20. List the prime factors of f.
2, 5
Suppose 7*q + 27 = 10*q. What are the prime factors of q?
3
Let h(p) = -p**3 - 6*p**2 - 8*p + 3. Let b be h(-6). Suppose -b = -4*v + 3*q, -4*v = -3*v + 3*q - 9. What are the prime factors of v?
2, 3
Let k be ((0 - -31) + -3)*1. Suppose -148 + k = -4*a. What are the prime factors of a?
2, 3, 5
Let r(w) = w**3 + 12*w**2 - 12*w + 17. What are the prime factors of r(-13)?
2
Suppose i + 0*i - 83 = -2*b, -3*i + 4*b = -239. What are the prime factors of i?
3
Suppose -q - 2*t + 133 = -t, -4*t = -4*q + 508. What are the prime factors of q?
2, 5, 13
Suppose p - 15 = 23. What are the prime factors of p?
2, 19
Let a(g) = 0*g + 2 + 2*g**2 + 3*g